{"id":9751,"date":"2026-04-14T10:32:34","date_gmt":"2026-04-14T09:32:34","guid":{"rendered":"http:\/\/paraklik.tn\/?post_type=product&#038;p=9751"},"modified":"2026-04-14T10:32:34","modified_gmt":"2026-04-14T09:32:34","slug":"fiderma-hydrafid-gel-nettoyant-peaux-seches-et-sensibles-200ml","status":"publish","type":"product","link":"https:\/\/paraklik.tn\/?product=fiderma-hydrafid-gel-nettoyant-peaux-seches-et-sensibles-200ml","title":{"rendered":"FIDERMA HYDRAFID Gel Nettoyant Peaux S\u00e8ches et Sensibles 200ml"},"content":{"rendered":"<p data-start=\"73\" data-end=\"306\">FIDERMA HYDRAFID Gel Nettoyant est un soin d\u2019hygi\u00e8ne douce sp\u00e9cialement formul\u00e9 pour les peaux s\u00e8ches et sensibles. Sa texture gel nettoie efficacement la peau tout en respectant son \u00e9quilibre naturel, sans provoquer de dess\u00e8chement.<\/p>\n<p data-start=\"308\" data-end=\"511\">Gr\u00e2ce \u00e0 ses agents hydratants et apaisants, il aide \u00e0 pr\u00e9server l\u2019hydratation cutan\u00e9e et \u00e0 r\u00e9duire les sensations de tiraillement. Il laisse la peau propre, douce et confortable apr\u00e8s chaque utilisation.<\/p>\n<p data-start=\"513\" data-end=\"678\">Adapt\u00e9 \u00e0 une utilisation quotidienne, ce gel nettoyant convient parfaitement au visage et assure un nettoyage en douceur, id\u00e9al pour les peaux fragiles et r\u00e9actives.<\/p>\n<p data-start=\"680\" data-end=\"704\"><strong data-start=\"680\" data-end=\"702\">Caract\u00e9ristiques :<\/strong><\/p>\n<ul data-start=\"705\" data-end=\"866\">\n<li data-section-id=\"1o9co7a\" data-start=\"705\" data-end=\"727\">Gel nettoyant doux<\/li>\n<li data-section-id=\"1j65lht\" data-start=\"728\" data-end=\"765\">Sp\u00e9cial peaux s\u00e8ches et sensibles<\/li>\n<li data-section-id=\"5rghh7\" data-start=\"766\" data-end=\"792\">Nettoie sans dess\u00e9cher<\/li>\n<li data-section-id=\"10a6rq9\" data-start=\"793\" data-end=\"814\">Hydrate et apaise<\/li>\n<li data-section-id=\"meu6zy\" data-start=\"815\" data-end=\"846\">Respecte l\u2019\u00e9quilibre cutan\u00e9<\/li>\n<li data-section-id=\"1bocssd\" data-start=\"847\" data-end=\"866\">Usage quotidien<\/li>\n<\/ul>\n<p data-start=\"868\" data-end=\"999\"><strong data-start=\"868\" data-end=\"896\">Conseils d\u2019utilisation :<\/strong><br data-start=\"896\" data-end=\"899\" \/>Appliquer sur le visage humide, masser d\u00e9licatement puis rincer abondamment. Utiliser matin et soir.<\/p>\n","protected":false},"excerpt":{"rendered":"<div class=\"flex flex-col text-sm pb-25\">\n<section class=\"text-token-text-primary w-full focus:outline-none [--shadow-height:45px] has-data-writing-block:pointer-events-none has-data-writing-block:-mt-(--shadow-height) has-data-writing-block:pt-(--shadow-height) [&amp;:has([data-writing-block])&gt;*]:pointer-events-auto scroll-mt-[calc(var(--header-height)+min(200px,max(70px,20svh)))]\" dir=\"auto\" data-turn-id=\"request-WEB:2f328e51-fac9-48ce-84a3-1582d839cac1-25\" data-testid=\"conversation-turn-52\" data-scroll-anchor=\"true\" data-turn=\"assistant\">\n<div class=\"text-base my-auto mx-auto pb-10 [--thread-content-margin:var(--thread-content-margin-xs,calc(var(--spacing)*4))] @w-sm\/main:[--thread-content-margin:var(--thread-content-margin-sm,calc(var(--spacing)*6))] @w-lg\/main:[--thread-content-margin:var(--thread-content-margin-lg,calc(var(--spacing)*16))] px-(--thread-content-margin)\">\n<div class=\"[--thread-content-max-width:40rem] @w-lg\/main:[--thread-content-max-width:48rem] mx-auto max-w-(--thread-content-max-width) flex-1 group\/turn-messages focus-visible:outline-hidden relative flex w-full min-w-0 flex-col agent-turn\">\n<div class=\"flex max-w-full flex-col gap-4 grow\">\n<div class=\"min-h-8 text-message relative flex w-full flex-col items-end gap-2 text-start break-words whitespace-normal outline-none keyboard-focused:focus-ring [.text-message+&amp;]:mt-1\" dir=\"auto\" tabindex=\"0\" data-message-author-role=\"assistant\" data-message-id=\"681e3f93-0a9d-4071-9d98-fd85315a645a\" data-message-model-slug=\"gpt-5-3\" data-turn-start-message=\"true\">\n<div class=\"flex w-full flex-col gap-1 empty:hidden\">\n<div class=\"markdown prose dark:prose-invert w-full wrap-break-word dark markdown-new-styling\">\n<p data-start=\"1006\" data-end=\"1126\" data-is-last-node=\"\" data-is-only-node=\"\">Gel nettoyant doux pour peaux s\u00e8ches et sensibles. Nettoie, hydrate et apaise sans dess\u00e9cher.<\/p>\n<\/div>\n<\/div>\n<\/div>\n<\/div>\n<div class=\"z-0 flex min-h-[46px] justify-start\"><\/div>\n<div class=\"mt-3 w-full empty:hidden\">\n<div class=\"text-center\"><\/div>\n<\/div>\n<\/div>\n<\/div>\n<\/section>\n<\/div>\n<div class=\"pointer-events-none h-px w-px absolute bottom-0\" aria-hidden=\"true\" data-edge=\"true\"><\/div>\n","protected":false},"featured_media":9752,"comment_status":"open","ping_status":"closed","template":"","meta":{"inline_featured_image":false,"_monsterinsights_skip_tracking":false,"_monsterinsights_sitenote_active":false,"_monsterinsights_sitenote_note":"","_monsterinsights_sitenote_category":0},"product_brand":[400],"product_cat":[887,844],"product_tag":[],"class_list":{"0":"post-9751","1":"product","2":"type-product","3":"status-publish","4":"has-post-thumbnail","6":"product_brand-fiderma","7":"product_cat-corps","8":"product_cat-visage","10":"first","11":"instock","12":"shipping-taxable","13":"purchasable","14":"product-type-simple"},"aioseo_notices":[],"_links":{"self":[{"href":"https:\/\/paraklik.tn\/index.php?rest_route=\/wp\/v2\/product\/9751","targetHints":{"allow":["GET"]}}],"collection":[{"href":"https:\/\/paraklik.tn\/index.php?rest_route=\/wp\/v2\/product"}],"about":[{"href":"https:\/\/paraklik.tn\/index.php?rest_route=\/wp\/v2\/types\/product"}],"replies":[{"embeddable":true,"href":"https:\/\/paraklik.tn\/index.php?rest_route=%2Fwp%2Fv2%2Fcomments&post=9751"}],"wp:featuredmedia":[{"embeddable":true,"href":"https:\/\/paraklik.tn\/index.php?rest_route=\/wp\/v2\/media\/9752"}],"wp:attachment":[{"href":"https:\/\/paraklik.tn\/index.php?rest_route=%2Fwp%2Fv2%2Fmedia&parent=9751"}],"wp:term":[{"taxonomy":"product_brand","embeddable":true,"href":"https:\/\/paraklik.tn\/index.php?rest_route=%2Fwp%2Fv2%2Fproduct_brand&post=9751"},{"taxonomy":"product_cat","embeddable":true,"href":"https:\/\/paraklik.tn\/index.php?rest_route=%2Fwp%2Fv2%2Fproduct_cat&post=9751"},{"taxonomy":"product_tag","embeddable":true,"href":"https:\/\/paraklik.tn\/index.php?rest_route=%2Fwp%2Fv2%2Fproduct_tag&post=9751"}],"curies":[{"name":"wp","href":"https:\/\/api.w.org\/{rel}","templated":true}]}}

FIDERMA HYDRAFID Gel Nettoyant Peaux Sèches et Sensibles 200ml

<p data-start="73" data-end="306">FIDERMA HYDRAFID Gel Nettoyant est un soin d’hygiène douce spécialement formulé pour les peaux sèches et sensibles. Sa texture gel nettoie efficacement la peau tout en respectant son équilibre naturel, sans provoquer de dessèchement.</p>
<p data-start="308" data-end="511">Grâce à ses agents hydratants et apaisants, il aide à préserver l’hydratation cutanée et à réduire les sensations de tiraillement. Il laisse la peau propre, douce et confortable après chaque utilisation.</p>
<p data-start="513" data-end="678">Adapté à une utilisation quotidienne, ce gel nettoyant convient parfaitement au visage et assure un nettoyage en douceur, idéal pour les peaux fragiles et réactives.</p>
<p data-start="680" data-end="704"><strong data-start="680" data-end="702">Caractéristiques :</strong></p>
<ul data-start="705" data-end="866">
<li data-section-id="1o9co7a" data-start="705" data-end="727">Gel nettoyant doux</li>
<li data-section-id="1j65lht" data-start="728" data-end="765">Spécial peaux sèches et sensibles</li>
<li data-section-id="5rghh7" data-start="766" data-end="792">Nettoie sans dessécher</li>
<li data-section-id="10a6rq9" data-start="793" data-end="814">Hydrate et apaise</li>
<li data-section-id="meu6zy" data-start="815" data-end="846">Respecte l’équilibre cutané</li>
<li data-section-id="1bocssd" data-start="847" data-end="866">Usage quotidien</li>
</ul>
<p data-start="868" data-end="999"><strong data-start="868" data-end="896">Conseils d’utilisation :</strong><br data-start="896" data-end="899" />Appliquer sur le visage humide, masser délicatement puis rincer abondamment. Utiliser matin et soir.</p>

<div class="flex flex-col text-sm pb-25">
<section class="text-token-text-primary w-full focus:outline-none [--shadow-height:45px] has-data-writing-block:pointer-events-none has-data-writing-block:-mt-(--shadow-height) has-data-writing-block:pt-(--shadow-height) [&amp;:has([data-writing-block])&gt;*]:pointer-events-auto scroll-mt-[calc(var(--header-height)+min(200px,max(70px,20svh)))]" dir="auto" data-turn-id="request-WEB:2f328e51-fac9-48ce-84a3-1582d839cac1-25" data-testid="conversation-turn-52" data-scroll-anchor="true" data-turn="assistant">
<div class="text-base my-auto mx-auto pb-10 [--thread-content-margin:var(--thread-content-margin-xs,calc(var(--spacing)*4))] @w-sm/main:[--thread-content-margin:var(--thread-content-margin-sm,calc(var(--spacing)*6))] @w-lg/main:[--thread-content-margin:var(--thread-content-margin-lg,calc(var(--spacing)*16))] px-(--thread-content-margin)">
<div class="[--thread-content-max-width:40rem] @w-lg/main:[--thread-content-max-width:48rem] mx-auto max-w-(--thread-content-max-width) flex-1 group/turn-messages focus-visible:outline-hidden relative flex w-full min-w-0 flex-col agent-turn">
<div class="flex max-w-full flex-col gap-4 grow">
<div class="min-h-8 text-message relative flex w-full flex-col items-end gap-2 text-start break-words whitespace-normal outline-none keyboard-focused:focus-ring [.text-message+&amp;]:mt-1" dir="auto" tabindex="0" data-message-author-role="assistant" data-message-id="681e3f93-0a9d-4071-9d98-fd85315a645a" data-message-model-slug="gpt-5-3" data-turn-start-message="true">
<div class="flex w-full flex-col gap-1 empty:hidden">
<div class="markdown prose dark:prose-invert w-full wrap-break-word dark markdown-new-styling">
<p data-start="1006" data-end="1126" data-is-last-node="" data-is-only-node="">Gel nettoyant doux pour peaux sèches et sensibles. Nettoie, hydrate et apaise sans dessécher.</p>
</div>
</div>
</div>
</div>
<div class="z-0 flex min-h-[46px] justify-start"></div>
<div class="mt-3 w-full empty:hidden">
<div class="text-center"></div>
</div>
</div>
</div>
</section>
</div>
<div class="pointer-events-none h-px w-px absolute bottom-0" aria-hidden="true" data-edge="true"></div>
