{"id":9749,"date":"2026-04-14T10:30:49","date_gmt":"2026-04-14T09:30:49","guid":{"rendered":"http:\/\/paraklik.tn\/?post_type=product&#038;p=9749"},"modified":"2026-04-14T10:30:49","modified_gmt":"2026-04-14T09:30:49","slug":"fiderma-clarifid-serum-nuit-30ml","status":"publish","type":"product","link":"https:\/\/paraklik.tn\/?product=fiderma-clarifid-serum-nuit-30ml","title":{"rendered":"FIDERMA CLARIFID S\u00e9rum Nuit 30ml"},"content":{"rendered":"<p data-start=\"43\" data-end=\"340\">FIDERMA CLARIFID S\u00e9rum Nuit est un soin intensif sp\u00e9cialement formul\u00e9 pour agir pendant le sommeil sur les taches pigmentaires et les irr\u00e9gularit\u00e9s du teint. Sa texture l\u00e9g\u00e8re et concentr\u00e9e p\u00e9n\u00e8tre rapidement pour offrir une action cibl\u00e9e durant la nuit, moment id\u00e9al pour la r\u00e9g\u00e9n\u00e9ration cutan\u00e9e.<\/p>\n<p data-start=\"342\" data-end=\"617\">Gr\u00e2ce \u00e0 ses actifs d\u00e9pigmentants et r\u00e9novateurs, il aide \u00e0 att\u00e9nuer les taches brunes, \u00e0 uniformiser le teint et \u00e0 am\u00e9liorer l\u2019\u00e9clat de la peau. Il favorise \u00e9galement le renouvellement cellulaire, laissant la peau plus lisse, lumineuse et visiblement plus homog\u00e8ne au r\u00e9veil.<\/p>\n<p data-start=\"619\" data-end=\"781\">Adapt\u00e9 aux peaux sujettes aux taches, ce s\u00e9rum s\u2019int\u00e8gre parfaitement dans une routine de soin du soir pour optimiser les r\u00e9sultats des traitements d\u00e9pigmentants.<\/p>\n<p data-start=\"783\" data-end=\"807\"><strong data-start=\"783\" data-end=\"805\">Caract\u00e9ristiques :<\/strong><\/p>\n<ul data-start=\"808\" data-end=\"1017\">\n<li data-section-id=\"1dl7pj9\" data-start=\"808\" data-end=\"838\">S\u00e9rum d\u00e9pigmentant de nuit<\/li>\n<li data-section-id=\"me4qbx\" data-start=\"839\" data-end=\"873\">R\u00e9duit les taches pigmentaires<\/li>\n<li data-section-id=\"1mwy4gl\" data-start=\"874\" data-end=\"915\">Favorise le renouvellement cellulaire<\/li>\n<li data-section-id=\"ac4oxl\" data-start=\"916\" data-end=\"947\">Unifie et illumine le teint<\/li>\n<li data-section-id=\"dtyuzf\" data-start=\"948\" data-end=\"980\">Texture l\u00e9g\u00e8re et concentr\u00e9e<\/li>\n<li data-section-id=\"10p1wx4\" data-start=\"981\" data-end=\"1017\">Action intensive pendant la nuit<\/li>\n<\/ul>\n<p data-start=\"1019\" data-end=\"1148\"><strong data-start=\"1019\" data-end=\"1047\">Conseils d\u2019utilisation :<\/strong><br data-start=\"1047\" data-end=\"1050\" \/>Appliquer le soir sur le visage propre et sec, avant la cr\u00e8me de nuit. \u00c9viter le contour des yeux.<\/p>\n","protected":false},"excerpt":{"rendered":"<div class=\"flex flex-col text-sm pb-25\">\n<section class=\"text-token-text-primary w-full focus:outline-none [--shadow-height:45px] has-data-writing-block:pointer-events-none has-data-writing-block:-mt-(--shadow-height) has-data-writing-block:pt-(--shadow-height) [&amp;:has([data-writing-block])&gt;*]:pointer-events-auto scroll-mt-[calc(var(--header-height)+min(200px,max(70px,20svh)))]\" dir=\"auto\" data-turn-id=\"request-WEB:2f328e51-fac9-48ce-84a3-1582d839cac1-24\" data-testid=\"conversation-turn-50\" data-scroll-anchor=\"true\" data-turn=\"assistant\">\n<div class=\"text-base my-auto mx-auto pb-10 [--thread-content-margin:var(--thread-content-margin-xs,calc(var(--spacing)*4))] @w-sm\/main:[--thread-content-margin:var(--thread-content-margin-sm,calc(var(--spacing)*6))] @w-lg\/main:[--thread-content-margin:var(--thread-content-margin-lg,calc(var(--spacing)*16))] px-(--thread-content-margin)\">\n<div class=\"[--thread-content-max-width:40rem] @w-lg\/main:[--thread-content-max-width:48rem] mx-auto max-w-(--thread-content-max-width) flex-1 group\/turn-messages focus-visible:outline-hidden relative flex w-full min-w-0 flex-col agent-turn\">\n<div class=\"flex max-w-full flex-col gap-4 grow\">\n<div class=\"min-h-8 text-message relative flex w-full flex-col items-end gap-2 text-start break-words whitespace-normal outline-none keyboard-focused:focus-ring [.text-message+&amp;]:mt-1\" dir=\"auto\" tabindex=\"0\" data-message-author-role=\"assistant\" data-message-id=\"770429de-92fa-47dc-a6af-b6a5ebfc78cd\" data-message-model-slug=\"gpt-5-3\" data-turn-start-message=\"true\">\n<div class=\"flex w-full flex-col gap-1 empty:hidden\">\n<div class=\"markdown prose dark:prose-invert w-full wrap-break-word dark markdown-new-styling\">\n<p data-start=\"1155\" data-end=\"1284\" data-is-last-node=\"\" data-is-only-node=\"\">S\u00e9rum nuit d\u00e9pigmentant qui r\u00e9duit les taches et unifie le teint. Action intensive pendant le sommeil.<\/p>\n<\/div>\n<\/div>\n<\/div>\n<\/div>\n<div class=\"z-0 flex min-h-[46px] justify-start\"><\/div>\n<div class=\"mt-3 w-full empty:hidden\">\n<div class=\"text-center\"><\/div>\n<\/div>\n<\/div>\n<\/div>\n<\/section>\n<\/div>\n<div class=\"pointer-events-none h-px w-px absolute bottom-0\" aria-hidden=\"true\" data-edge=\"true\"><\/div>\n","protected":false},"featured_media":9750,"comment_status":"open","ping_status":"closed","template":"","meta":{"inline_featured_image":false,"_monsterinsights_skip_tracking":false,"_monsterinsights_sitenote_active":false,"_monsterinsights_sitenote_note":"","_monsterinsights_sitenote_category":0},"product_brand":[400],"product_cat":[844],"product_tag":[],"class_list":{"0":"post-9749","1":"product","2":"type-product","3":"status-publish","4":"has-post-thumbnail","6":"product_brand-fiderma","7":"product_cat-visage","9":"first","10":"instock","11":"shipping-taxable","12":"purchasable","13":"product-type-simple"},"aioseo_notices":[],"_links":{"self":[{"href":"https:\/\/paraklik.tn\/index.php?rest_route=\/wp\/v2\/product\/9749","targetHints":{"allow":["GET"]}}],"collection":[{"href":"https:\/\/paraklik.tn\/index.php?rest_route=\/wp\/v2\/product"}],"about":[{"href":"https:\/\/paraklik.tn\/index.php?rest_route=\/wp\/v2\/types\/product"}],"replies":[{"embeddable":true,"href":"https:\/\/paraklik.tn\/index.php?rest_route=%2Fwp%2Fv2%2Fcomments&post=9749"}],"wp:featuredmedia":[{"embeddable":true,"href":"https:\/\/paraklik.tn\/index.php?rest_route=\/wp\/v2\/media\/9750"}],"wp:attachment":[{"href":"https:\/\/paraklik.tn\/index.php?rest_route=%2Fwp%2Fv2%2Fmedia&parent=9749"}],"wp:term":[{"taxonomy":"product_brand","embeddable":true,"href":"https:\/\/paraklik.tn\/index.php?rest_route=%2Fwp%2Fv2%2Fproduct_brand&post=9749"},{"taxonomy":"product_cat","embeddable":true,"href":"https:\/\/paraklik.tn\/index.php?rest_route=%2Fwp%2Fv2%2Fproduct_cat&post=9749"},{"taxonomy":"product_tag","embeddable":true,"href":"https:\/\/paraklik.tn\/index.php?rest_route=%2Fwp%2Fv2%2Fproduct_tag&post=9749"}],"curies":[{"name":"wp","href":"https:\/\/api.w.org\/{rel}","templated":true}]}}