{"id":9745,"date":"2026-04-14T10:25:55","date_gmt":"2026-04-14T09:25:55","guid":{"rendered":"http:\/\/paraklik.tn\/?post_type=product&#038;p=9745"},"modified":"2026-04-14T10:25:55","modified_gmt":"2026-04-14T09:25:55","slug":"fiderma-acnefid-gel-nettoyant-purifiant-200ml","status":"publish","type":"product","link":"https:\/\/paraklik.tn\/?product=fiderma-acnefid-gel-nettoyant-purifiant-200ml","title":{"rendered":"FIDERMA ACNEFID GEL NETTOYANT PURIFIANT 200ML"},"content":{"rendered":"<p data-start=\"56\" data-end=\"312\">FIDERMA ACNEFID Gel Nettoyant Purifiant est un soin d\u2019hygi\u00e8ne quotidienne sp\u00e9cialement con\u00e7u pour les peaux mixtes \u00e0 grasses et \u00e0 tendance acn\u00e9ique. Sa texture gel nettoie efficacement la peau en \u00e9liminant l\u2019exc\u00e8s de s\u00e9bum et les impuret\u00e9s, sans dess\u00e9cher.<\/p>\n<p data-start=\"314\" data-end=\"561\">Gr\u00e2ce \u00e0 ses actifs purifiants et s\u00e9bor\u00e9gulateurs, il aide \u00e0 d\u00e9sobstruer les pores, \u00e0 limiter l\u2019apparition des imperfections et \u00e0 pr\u00e9venir leur r\u00e9apparition. Il contribue \u00e0 laisser la peau plus nette, fra\u00eeche et \u00e9quilibr\u00e9e apr\u00e8s chaque utilisation.<\/p>\n<p data-start=\"563\" data-end=\"749\">Adapt\u00e9 \u00e0 un usage quotidien, ce gel nettoyant respecte l\u2019\u00e9quilibre cutan\u00e9 tout en apportant une sensation de propret\u00e9 durable. Id\u00e9al pour int\u00e9grer une routine de soin anti-imperfections.<\/p>\n<p data-start=\"751\" data-end=\"775\"><strong data-start=\"751\" data-end=\"773\">Caract\u00e9ristiques :<\/strong><\/p>\n<ul data-start=\"776\" data-end=\"970\">\n<li data-section-id=\"gvofca\" data-start=\"776\" data-end=\"803\">Gel nettoyant purifiant<\/li>\n<li data-section-id=\"5sqt34\" data-start=\"804\" data-end=\"838\">Sp\u00e9cial peaux mixtes \u00e0 grasses<\/li>\n<li data-section-id=\"kala9y\" data-start=\"839\" data-end=\"878\">\u00c9limine exc\u00e8s de s\u00e9bum et impuret\u00e9s<\/li>\n<li data-section-id=\"1xorfwa\" data-start=\"879\" data-end=\"916\">Aide \u00e0 pr\u00e9venir les imperfections<\/li>\n<li data-section-id=\"1oz8jpn\" data-start=\"917\" data-end=\"950\">Nettoyage doux sans dess\u00e9cher<\/li>\n<li data-section-id=\"1bocssd\" data-start=\"951\" data-end=\"970\">Usage quotidien<\/li>\n<\/ul>\n<p data-start=\"972\" data-end=\"1131\"><strong data-start=\"972\" data-end=\"1000\">Conseils d\u2019utilisation :<\/strong><br data-start=\"1000\" data-end=\"1003\" \/>Appliquer sur le visage humide, masser d\u00e9licatement puis rincer abondamment. Utiliser matin et soir pour de meilleurs r\u00e9sultats.<\/p>\n","protected":false},"excerpt":{"rendered":"<div class=\"flex flex-col text-sm pb-25\">\n<section class=\"text-token-text-primary w-full focus:outline-none [--shadow-height:45px] has-data-writing-block:pointer-events-none has-data-writing-block:-mt-(--shadow-height) has-data-writing-block:pt-(--shadow-height) [&amp;:has([data-writing-block])&gt;*]:pointer-events-auto scroll-mt-[calc(var(--header-height)+min(200px,max(70px,20svh)))]\" dir=\"auto\" data-turn-id=\"request-WEB:2f328e51-fac9-48ce-84a3-1582d839cac1-22\" data-testid=\"conversation-turn-46\" data-scroll-anchor=\"true\" data-turn=\"assistant\">\n<div class=\"text-base my-auto mx-auto pb-10 [--thread-content-margin:var(--thread-content-margin-xs,calc(var(--spacing)*4))] @w-sm\/main:[--thread-content-margin:var(--thread-content-margin-sm,calc(var(--spacing)*6))] @w-lg\/main:[--thread-content-margin:var(--thread-content-margin-lg,calc(var(--spacing)*16))] px-(--thread-content-margin)\">\n<div class=\"[--thread-content-max-width:40rem] @w-lg\/main:[--thread-content-max-width:48rem] mx-auto max-w-(--thread-content-max-width) flex-1 group\/turn-messages focus-visible:outline-hidden relative flex w-full min-w-0 flex-col agent-turn\">\n<div class=\"flex max-w-full flex-col gap-4 grow\">\n<div class=\"min-h-8 text-message relative flex w-full flex-col items-end gap-2 text-start break-words whitespace-normal outline-none keyboard-focused:focus-ring [.text-message+&amp;]:mt-1\" dir=\"auto\" tabindex=\"0\" data-message-author-role=\"assistant\" data-message-id=\"6d06055e-e934-4dfe-935d-899cecb33f6f\" data-message-model-slug=\"gpt-5-3\" data-turn-start-message=\"true\">\n<div class=\"flex w-full flex-col gap-1 empty:hidden\">\n<div class=\"markdown prose dark:prose-invert w-full wrap-break-word dark markdown-new-styling\">\n<p data-start=\"1138\" data-end=\"1271\" data-is-last-node=\"\" data-is-only-node=\"\">Gel nettoyant purifiant pour peaux grasses. Nettoie, r\u00e9gule le s\u00e9bum et aide \u00e0 pr\u00e9venir les imperfections.<\/p>\n<\/div>\n<\/div>\n<\/div>\n<\/div>\n<div class=\"z-0 flex min-h-[46px] justify-start\"><\/div>\n<div class=\"mt-3 w-full empty:hidden\">\n<div class=\"text-center\"><\/div>\n<\/div>\n<\/div>\n<\/div>\n<\/section>\n<\/div>\n<div class=\"pointer-events-none h-px w-px absolute bottom-0\" aria-hidden=\"true\" data-edge=\"true\"><\/div>\n","protected":false},"featured_media":9746,"comment_status":"open","ping_status":"closed","template":"","meta":{"inline_featured_image":false,"_monsterinsights_skip_tracking":false,"_monsterinsights_sitenote_active":false,"_monsterinsights_sitenote_note":"","_monsterinsights_sitenote_category":0},"product_brand":[400],"product_cat":[844],"product_tag":[],"class_list":{"0":"post-9745","1":"product","2":"type-product","3":"status-publish","4":"has-post-thumbnail","6":"product_brand-fiderma","7":"product_cat-visage","9":"first","10":"instock","11":"sale","12":"shipping-taxable","13":"purchasable","14":"product-type-simple"},"aioseo_notices":[],"_links":{"self":[{"href":"https:\/\/paraklik.tn\/index.php?rest_route=\/wp\/v2\/product\/9745","targetHints":{"allow":["GET"]}}],"collection":[{"href":"https:\/\/paraklik.tn\/index.php?rest_route=\/wp\/v2\/product"}],"about":[{"href":"https:\/\/paraklik.tn\/index.php?rest_route=\/wp\/v2\/types\/product"}],"replies":[{"embeddable":true,"href":"https:\/\/paraklik.tn\/index.php?rest_route=%2Fwp%2Fv2%2Fcomments&post=9745"}],"wp:featuredmedia":[{"embeddable":true,"href":"https:\/\/paraklik.tn\/index.php?rest_route=\/wp\/v2\/media\/9746"}],"wp:attachment":[{"href":"https:\/\/paraklik.tn\/index.php?rest_route=%2Fwp%2Fv2%2Fmedia&parent=9745"}],"wp:term":[{"taxonomy":"product_brand","embeddable":true,"href":"https:\/\/paraklik.tn\/index.php?rest_route=%2Fwp%2Fv2%2Fproduct_brand&post=9745"},{"taxonomy":"product_cat","embeddable":true,"href":"https:\/\/paraklik.tn\/index.php?rest_route=%2Fwp%2Fv2%2Fproduct_cat&post=9745"},{"taxonomy":"product_tag","embeddable":true,"href":"https:\/\/paraklik.tn\/index.php?rest_route=%2Fwp%2Fv2%2Fproduct_tag&post=9745"}],"curies":[{"name":"wp","href":"https:\/\/api.w.org\/{rel}","templated":true}]}}