{"id":9742,"date":"2026-04-14T10:21:37","date_gmt":"2026-04-14T09:21:37","guid":{"rendered":"http:\/\/paraklik.tn\/?post_type=product&#038;p=9742"},"modified":"2026-04-14T10:21:37","modified_gmt":"2026-04-14T09:21:37","slug":"fiderma-clarifid-creme-depigmentante-jour-50ml","status":"publish","type":"product","link":"https:\/\/paraklik.tn\/?product=fiderma-clarifid-creme-depigmentante-jour-50ml","title":{"rendered":"FIDERMA CLARIFID CREME DEPIGMENTANTE JOUR 50ML"},"content":{"rendered":"<p data-start=\"57\" data-end=\"344\">FIDERMA CLARIFID Cr\u00e8me D\u00e9pigmentante Jour est un soin \u00e9claircissant sp\u00e9cialement formul\u00e9 pour r\u00e9duire les taches pigmentaires et unifier le teint. Sa texture l\u00e9g\u00e8re et confortable s\u2019adapte parfaitement \u00e0 une utilisation quotidienne, tout en apportant hydratation et protection \u00e0 la peau.<\/p>\n<p data-start=\"346\" data-end=\"614\">Gr\u00e2ce \u00e0 ses actifs d\u00e9pigmentants, elle agit progressivement sur les zones hyperpigment\u00e9es afin d\u2019att\u00e9nuer les taches brunes li\u00e9es au soleil, au vieillissement cutan\u00e9 ou aux irr\u00e9gularit\u00e9s pigmentaires. Elle aide \u00e0 retrouver un teint plus homog\u00e8ne, lumineux et \u00e9clatant.<\/p>\n<p data-start=\"616\" data-end=\"790\">Adapt\u00e9e aux peaux sujettes aux taches, cette cr\u00e8me de jour contribue \u00e9galement \u00e0 am\u00e9liorer la qualit\u00e9 globale de la peau, la laissant douce, souple et visiblement plus nette.<\/p>\n<p data-start=\"792\" data-end=\"816\"><strong data-start=\"792\" data-end=\"814\">Caract\u00e9ristiques :<\/strong><\/p>\n<ul data-start=\"817\" data-end=\"1014\">\n<li data-section-id=\"12lczr9\" data-start=\"817\" data-end=\"848\">Cr\u00e8me d\u00e9pigmentante de jour<\/li>\n<li data-section-id=\"me4qbx\" data-start=\"849\" data-end=\"883\">R\u00e9duit les taches pigmentaires<\/li>\n<li data-section-id=\"ac4oxl\" data-start=\"884\" data-end=\"915\">Unifie et illumine le teint<\/li>\n<li data-section-id=\"1b0cnbl\" data-start=\"916\" data-end=\"946\">Hydrate et prot\u00e8ge la peau<\/li>\n<li data-section-id=\"xbbcl8\" data-start=\"947\" data-end=\"980\">Texture l\u00e9g\u00e8re et confortable<\/li>\n<li data-section-id=\"t8xtac\" data-start=\"981\" data-end=\"1014\">Convient \u00e0 un usage quotidien<\/li>\n<\/ul>\n<p data-start=\"1016\" data-end=\"1162\"><strong data-start=\"1016\" data-end=\"1044\">Conseils d\u2019utilisation :<\/strong><br data-start=\"1044\" data-end=\"1047\" \/>Appliquer le matin sur le visage propre et sec. Compl\u00e9ter avec une protection solaire pour une efficacit\u00e9 optimale.<\/p>\n","protected":false},"excerpt":{"rendered":"<div class=\"flex flex-col text-sm pb-25\">\n<section class=\"text-token-text-primary w-full focus:outline-none [--shadow-height:45px] has-data-writing-block:pointer-events-none has-data-writing-block:-mt-(--shadow-height) has-data-writing-block:pt-(--shadow-height) [&amp;:has([data-writing-block])&gt;*]:pointer-events-auto scroll-mt-[calc(var(--header-height)+min(200px,max(70px,20svh)))]\" dir=\"auto\" data-turn-id=\"request-WEB:2f328e51-fac9-48ce-84a3-1582d839cac1-21\" data-testid=\"conversation-turn-44\" data-scroll-anchor=\"true\" data-turn=\"assistant\">\n<div class=\"text-base my-auto mx-auto pb-10 [--thread-content-margin:var(--thread-content-margin-xs,calc(var(--spacing)*4))] @w-sm\/main:[--thread-content-margin:var(--thread-content-margin-sm,calc(var(--spacing)*6))] @w-lg\/main:[--thread-content-margin:var(--thread-content-margin-lg,calc(var(--spacing)*16))] px-(--thread-content-margin)\">\n<div class=\"[--thread-content-max-width:40rem] @w-lg\/main:[--thread-content-max-width:48rem] mx-auto max-w-(--thread-content-max-width) flex-1 group\/turn-messages focus-visible:outline-hidden relative flex w-full min-w-0 flex-col agent-turn\">\n<div class=\"flex max-w-full flex-col gap-4 grow\">\n<div class=\"min-h-8 text-message relative flex w-full flex-col items-end gap-2 text-start break-words whitespace-normal outline-none keyboard-focused:focus-ring [.text-message+&amp;]:mt-1\" dir=\"auto\" tabindex=\"0\" data-message-author-role=\"assistant\" data-message-id=\"fbc6234f-408c-47ac-a1b0-ce21da3747dc\" data-message-model-slug=\"gpt-5-3\" data-turn-start-message=\"true\">\n<div class=\"flex w-full flex-col gap-1 empty:hidden\">\n<div class=\"markdown prose dark:prose-invert w-full wrap-break-word dark markdown-new-styling\">\n<p data-start=\"1169\" data-end=\"1294\" data-is-last-node=\"\" data-is-only-node=\"\">Cr\u00e8me d\u00e9pigmentante de jour qui r\u00e9duit les taches et unifie le teint. Hydrate et illumine la peau.<\/p>\n<\/div>\n<\/div>\n<\/div>\n<\/div>\n<div class=\"z-0 flex min-h-[46px] justify-start\"><\/div>\n<div class=\"mt-3 w-full empty:hidden\">\n<div class=\"text-center\"><\/div>\n<\/div>\n<\/div>\n<\/div>\n<\/section>\n<\/div>\n<div class=\"pointer-events-none h-px w-px absolute bottom-0\" aria-hidden=\"true\" data-edge=\"true\"><\/div>\n","protected":false},"featured_media":9743,"comment_status":"open","ping_status":"closed","template":"","meta":{"inline_featured_image":false,"_monsterinsights_skip_tracking":false,"_monsterinsights_sitenote_active":false,"_monsterinsights_sitenote_note":"","_monsterinsights_sitenote_category":0},"product_brand":[400],"product_cat":[844],"product_tag":[],"class_list":{"0":"post-9742","1":"product","2":"type-product","3":"status-publish","4":"has-post-thumbnail","6":"product_brand-fiderma","7":"product_cat-visage","9":"first","10":"instock","11":"shipping-taxable","12":"purchasable","13":"product-type-simple"},"aioseo_notices":[],"_links":{"self":[{"href":"https:\/\/paraklik.tn\/index.php?rest_route=\/wp\/v2\/product\/9742","targetHints":{"allow":["GET"]}}],"collection":[{"href":"https:\/\/paraklik.tn\/index.php?rest_route=\/wp\/v2\/product"}],"about":[{"href":"https:\/\/paraklik.tn\/index.php?rest_route=\/wp\/v2\/types\/product"}],"replies":[{"embeddable":true,"href":"https:\/\/paraklik.tn\/index.php?rest_route=%2Fwp%2Fv2%2Fcomments&post=9742"}],"wp:featuredmedia":[{"embeddable":true,"href":"https:\/\/paraklik.tn\/index.php?rest_route=\/wp\/v2\/media\/9743"}],"wp:attachment":[{"href":"https:\/\/paraklik.tn\/index.php?rest_route=%2Fwp%2Fv2%2Fmedia&parent=9742"}],"wp:term":[{"taxonomy":"product_brand","embeddable":true,"href":"https:\/\/paraklik.tn\/index.php?rest_route=%2Fwp%2Fv2%2Fproduct_brand&post=9742"},{"taxonomy":"product_cat","embeddable":true,"href":"https:\/\/paraklik.tn\/index.php?rest_route=%2Fwp%2Fv2%2Fproduct_cat&post=9742"},{"taxonomy":"product_tag","embeddable":true,"href":"https:\/\/paraklik.tn\/index.php?rest_route=%2Fwp%2Fv2%2Fproduct_tag&post=9742"}],"curies":[{"name":"wp","href":"https:\/\/api.w.org\/{rel}","templated":true}]}}

<p data-start="57" data-end="344">FIDERMA CLARIFID Crème Dépigmentante Jour est un soin éclaircissant spécialement formulé pour réduire les taches pigmentaires et unifier le teint. Sa texture légère et confortable s’adapte parfaitement à une utilisation quotidienne, tout en apportant hydratation et protection à la peau.</p>
<p data-start="346" data-end="614">Grâce à ses actifs dépigmentants, elle agit progressivement sur les zones hyperpigmentées afin d’atténuer les taches brunes liées au soleil, au vieillissement cutané ou aux irrégularités pigmentaires. Elle aide à retrouver un teint plus homogène, lumineux et éclatant.</p>
<p data-start="616" data-end="790">Adaptée aux peaux sujettes aux taches, cette crème de jour contribue également à améliorer la qualité globale de la peau, la laissant douce, souple et visiblement plus nette.</p>
<p data-start="792" data-end="816"><strong data-start="792" data-end="814">Caractéristiques :</strong></p>
<ul data-start="817" data-end="1014">
<li data-section-id="12lczr9" data-start="817" data-end="848">Crème dépigmentante de jour</li>
<li data-section-id="me4qbx" data-start="849" data-end="883">Réduit les taches pigmentaires</li>
<li data-section-id="ac4oxl" data-start="884" data-end="915">Unifie et illumine le teint</li>
<li data-section-id="1b0cnbl" data-start="916" data-end="946">Hydrate et protège la peau</li>
<li data-section-id="xbbcl8" data-start="947" data-end="980">Texture légère et confortable</li>
<li data-section-id="t8xtac" data-start="981" data-end="1014">Convient à un usage quotidien</li>
</ul>
<p data-start="1016" data-end="1162"><strong data-start="1016" data-end="1044">Conseils d’utilisation :</strong><br data-start="1044" data-end="1047" />Appliquer le matin sur le visage propre et sec. Compléter avec une protection solaire pour une efficacité optimale.</p>

<div class="flex flex-col text-sm pb-25">
<section class="text-token-text-primary w-full focus:outline-none [--shadow-height:45px] has-data-writing-block:pointer-events-none has-data-writing-block:-mt-(--shadow-height) has-data-writing-block:pt-(--shadow-height) [&amp;:has([data-writing-block])&gt;*]:pointer-events-auto scroll-mt-[calc(var(--header-height)+min(200px,max(70px,20svh)))]" dir="auto" data-turn-id="request-WEB:2f328e51-fac9-48ce-84a3-1582d839cac1-21" data-testid="conversation-turn-44" data-scroll-anchor="true" data-turn="assistant">
<div class="text-base my-auto mx-auto pb-10 [--thread-content-margin:var(--thread-content-margin-xs,calc(var(--spacing)*4))] @w-sm/main:[--thread-content-margin:var(--thread-content-margin-sm,calc(var(--spacing)*6))] @w-lg/main:[--thread-content-margin:var(--thread-content-margin-lg,calc(var(--spacing)*16))] px-(--thread-content-margin)">
<div class="[--thread-content-max-width:40rem] @w-lg/main:[--thread-content-max-width:48rem] mx-auto max-w-(--thread-content-max-width) flex-1 group/turn-messages focus-visible:outline-hidden relative flex w-full min-w-0 flex-col agent-turn">
<div class="flex max-w-full flex-col gap-4 grow">
<div class="min-h-8 text-message relative flex w-full flex-col items-end gap-2 text-start break-words whitespace-normal outline-none keyboard-focused:focus-ring [.text-message+&amp;]:mt-1" dir="auto" tabindex="0" data-message-author-role="assistant" data-message-id="fbc6234f-408c-47ac-a1b0-ce21da3747dc" data-message-model-slug="gpt-5-3" data-turn-start-message="true">
<div class="flex w-full flex-col gap-1 empty:hidden">
<div class="markdown prose dark:prose-invert w-full wrap-break-word dark markdown-new-styling">
<p data-start="1169" data-end="1294" data-is-last-node="" data-is-only-node="">Crème dépigmentante de jour qui réduit les taches et unifie le teint. Hydrate et illumine la peau.</p>
</div>
</div>
</div>
</div>
<div class="z-0 flex min-h-[46px] justify-start"></div>
<div class="mt-3 w-full empty:hidden">
<div class="text-center"></div>
</div>
</div>
</div>
</section>
</div>
<div class="pointer-events-none h-px w-px absolute bottom-0" aria-hidden="true" data-edge="true"></div>
