{"id":9731,"date":"2026-04-13T16:20:02","date_gmt":"2026-04-13T15:20:02","guid":{"rendered":"http:\/\/paraklik.tn\/?post_type=product&#038;p=9731"},"modified":"2026-04-13T16:20:02","modified_gmt":"2026-04-13T15:20:02","slug":"medilen-iper-creme-desodorisant-et-antiperspirantes-50ml","status":"publish","type":"product","link":"https:\/\/paraklik.tn\/?product=medilen-iper-creme-desodorisant-et-antiperspirantes-50ml","title":{"rendered":"Medilen Iper Creme Desodorisant et Antiperspirantes 50ml"},"content":{"rendered":"<p data-start=\"64\" data-end=\"308\">MEDILEN Iper Cr\u00e8me D\u00e9odorante et Antiperspirante est un soin sp\u00e9cialement con\u00e7u pour contr\u00f4ler efficacement la transpiration excessive et limiter les mauvaises odeurs. Sa formule agit sur l\u2019humidit\u00e9 tout en respectant la sensibilit\u00e9 de la peau.<\/p>\n<p data-start=\"310\" data-end=\"565\">Gr\u00e2ce \u00e0 ses agents antiperspirants et d\u00e9odorants, elle aide \u00e0 r\u00e9duire la production de sueur et \u00e0 maintenir une sensation de fra\u00eecheur durable tout au long de la journ\u00e9e. Elle contribue \u00e9galement \u00e0 pr\u00e9venir les odeurs corporelles li\u00e9es \u00e0 la transpiration.<\/p>\n<p data-start=\"567\" data-end=\"789\">Sa texture cr\u00e8me l\u00e9g\u00e8re s\u2019applique facilement et p\u00e9n\u00e8tre rapidement sans laisser de film gras ni collant. Elle convient pour une utilisation quotidienne sur les zones concern\u00e9es comme les aisselles, les mains ou les pieds.<\/p>\n<p data-start=\"791\" data-end=\"815\"><strong data-start=\"791\" data-end=\"813\">Caract\u00e9ristiques :<\/strong><\/p>\n<ul data-start=\"816\" data-end=\"1004\">\n<li data-section-id=\"1llbexd\" data-start=\"816\" data-end=\"855\">Contr\u00f4le la transpiration excessive<\/li>\n<li data-section-id=\"19z399i\" data-start=\"856\" data-end=\"890\">Action d\u00e9odorante longue dur\u00e9e<\/li>\n<li data-section-id=\"14bafdg\" data-start=\"891\" data-end=\"929\">Texture cr\u00e8me l\u00e9g\u00e8re et non grasse<\/li>\n<li data-section-id=\"k6u00y\" data-start=\"930\" data-end=\"951\">Absorption rapide<\/li>\n<li data-section-id=\"tnj8i9\" data-start=\"952\" data-end=\"984\">Convient aux zones sensibles<\/li>\n<li data-section-id=\"1bocssd\" data-start=\"985\" data-end=\"1004\">Usage quotidien<\/li>\n<\/ul>\n<p data-start=\"1006\" data-end=\"1166\"><strong data-start=\"1006\" data-end=\"1034\">Conseils d\u2019utilisation :<\/strong><br data-start=\"1034\" data-end=\"1037\" \/>Appliquer une petite quantit\u00e9 sur peau propre et s\u00e8che, principalement sur les aisselles, une fois par jour ou selon les besoins.<\/p>\n","protected":false},"excerpt":{"rendered":"<div class=\"flex flex-col text-sm pb-25\">\n<section class=\"text-token-text-primary w-full focus:outline-none [--shadow-height:45px] has-data-writing-block:pointer-events-none has-data-writing-block:-mt-(--shadow-height) has-data-writing-block:pt-(--shadow-height) [&amp;:has([data-writing-block])&gt;*]:pointer-events-auto scroll-mt-[calc(var(--header-height)+min(200px,max(70px,20svh)))]\" dir=\"auto\" data-turn-id=\"request-WEB:2f328e51-fac9-48ce-84a3-1582d839cac1-16\" data-testid=\"conversation-turn-34\" data-scroll-anchor=\"true\" data-turn=\"assistant\">\n<div class=\"text-base my-auto mx-auto pb-10 [--thread-content-margin:var(--thread-content-margin-xs,calc(var(--spacing)*4))] @w-sm\/main:[--thread-content-margin:var(--thread-content-margin-sm,calc(var(--spacing)*6))] @w-lg\/main:[--thread-content-margin:var(--thread-content-margin-lg,calc(var(--spacing)*16))] px-(--thread-content-margin)\">\n<div class=\"[--thread-content-max-width:40rem] @w-lg\/main:[--thread-content-max-width:48rem] mx-auto max-w-(--thread-content-max-width) flex-1 group\/turn-messages focus-visible:outline-hidden relative flex w-full min-w-0 flex-col agent-turn\">\n<div class=\"flex max-w-full flex-col gap-4 grow\">\n<div class=\"min-h-8 text-message relative flex w-full flex-col items-end gap-2 text-start break-words whitespace-normal outline-none keyboard-focused:focus-ring [.text-message+&amp;]:mt-1\" dir=\"auto\" tabindex=\"0\" data-message-author-role=\"assistant\" data-message-id=\"c6046fcf-319a-48ed-8556-267fa81d2e6d\" data-message-model-slug=\"gpt-5-3-mini\" data-turn-start-message=\"true\">\n<div class=\"flex w-full flex-col gap-1 empty:hidden\">\n<div class=\"markdown prose dark:prose-invert w-full wrap-break-word dark markdown-new-styling\">\n<p data-start=\"1173\" data-end=\"1310\" data-is-last-node=\"\" data-is-only-node=\"\">Cr\u00e8me antiperspirante qui r\u00e9duit la transpiration et les odeurs. Fra\u00eecheur longue dur\u00e9e et texture non grasse.<\/p>\n<\/div>\n<\/div>\n<\/div>\n<\/div>\n<div class=\"z-0 flex min-h-[46px] justify-start\"><\/div>\n<div class=\"mt-3 w-full empty:hidden\">\n<div class=\"text-center\"><\/div>\n<\/div>\n<\/div>\n<\/div>\n<\/section>\n<\/div>\n<div class=\"pointer-events-none h-px w-px absolute bottom-0\" aria-hidden=\"true\" data-edge=\"true\"><\/div>\n","protected":false},"featured_media":9732,"comment_status":"open","ping_status":"closed","template":"","meta":{"inline_featured_image":false,"_monsterinsights_skip_tracking":false,"_monsterinsights_sitenote_active":false,"_monsterinsights_sitenote_note":"","_monsterinsights_sitenote_category":0},"product_brand":[617],"product_cat":[887],"product_tag":[],"class_list":{"0":"post-9731","1":"product","2":"type-product","3":"status-publish","4":"has-post-thumbnail","6":"product_brand-pentamedical","7":"product_cat-corps","9":"first","10":"instock","11":"shipping-taxable","12":"purchasable","13":"product-type-simple"},"aioseo_notices":[],"_links":{"self":[{"href":"https:\/\/paraklik.tn\/index.php?rest_route=\/wp\/v2\/product\/9731","targetHints":{"allow":["GET"]}}],"collection":[{"href":"https:\/\/paraklik.tn\/index.php?rest_route=\/wp\/v2\/product"}],"about":[{"href":"https:\/\/paraklik.tn\/index.php?rest_route=\/wp\/v2\/types\/product"}],"replies":[{"embeddable":true,"href":"https:\/\/paraklik.tn\/index.php?rest_route=%2Fwp%2Fv2%2Fcomments&post=9731"}],"wp:featuredmedia":[{"embeddable":true,"href":"https:\/\/paraklik.tn\/index.php?rest_route=\/wp\/v2\/media\/9732"}],"wp:attachment":[{"href":"https:\/\/paraklik.tn\/index.php?rest_route=%2Fwp%2Fv2%2Fmedia&parent=9731"}],"wp:term":[{"taxonomy":"product_brand","embeddable":true,"href":"https:\/\/paraklik.tn\/index.php?rest_route=%2Fwp%2Fv2%2Fproduct_brand&post=9731"},{"taxonomy":"product_cat","embeddable":true,"href":"https:\/\/paraklik.tn\/index.php?rest_route=%2Fwp%2Fv2%2Fproduct_cat&post=9731"},{"taxonomy":"product_tag","embeddable":true,"href":"https:\/\/paraklik.tn\/index.php?rest_route=%2Fwp%2Fv2%2Fproduct_tag&post=9731"}],"curies":[{"name":"wp","href":"https:\/\/api.w.org\/{rel}","templated":true}]}}