{"id":9729,"date":"2026-04-13T16:17:15","date_gmt":"2026-04-13T15:17:15","guid":{"rendered":"http:\/\/paraklik.tn\/?post_type=product&#038;p=9729"},"modified":"2026-04-13T16:17:15","modified_gmt":"2026-04-13T15:17:15","slug":"medilen-h-hydro-creme-nettoyante-200ml","status":"publish","type":"product","link":"https:\/\/paraklik.tn\/?product=medilen-h-hydro-creme-nettoyante-200ml","title":{"rendered":"Medilen H Hydro Creme Nettoyante 200ml"},"content":{"rendered":"<p data-start=\"49\" data-end=\"288\">MEDILEN H Hydro Cr\u00e8me Nettoyante est un soin d\u2019hygi\u00e8ne douce sp\u00e9cialement formul\u00e9 pour nettoyer les peaux sensibles, s\u00e8ches ou fragilis\u00e9es. Sa texture cr\u00e8me onctueuse \u00e9limine les impuret\u00e9s tout en respectant l\u2019\u00e9quilibre naturel de la peau.<\/p>\n<p data-start=\"290\" data-end=\"523\">Gr\u00e2ce \u00e0 sa formule hydratante et apaisante, elle aide \u00e0 pr\u00e9venir le dess\u00e8chement cutan\u00e9 et \u00e0 maintenir le confort de la peau au quotidien. Elle laisse la peau propre, douce et souple sans sensation de tiraillement apr\u00e8s le nettoyage.<\/p>\n<p data-start=\"525\" data-end=\"774\">Adapt\u00e9e \u00e0 une utilisation quotidienne sur le visage et le corps, cette cr\u00e8me nettoyante convient parfaitement aux peaux n\u00e9cessitant une toilette douce et respectueuse. Sa formule d\u00e9licate assure une tol\u00e9rance optimale, m\u00eame pour les peaux sensibles.<\/p>\n<p data-start=\"776\" data-end=\"800\"><strong data-start=\"776\" data-end=\"798\">Caract\u00e9ristiques :<\/strong><\/p>\n<ul data-start=\"801\" data-end=\"979\">\n<li data-section-id=\"1ht5ytv\" data-start=\"801\" data-end=\"840\">Nettoyant doux pour peaux sensibles<\/li>\n<li data-section-id=\"1nsu1vu\" data-start=\"841\" data-end=\"869\">Texture cr\u00e8me hydratante<\/li>\n<li data-section-id=\"meu6zy\" data-start=\"870\" data-end=\"901\">Respecte l\u2019\u00e9quilibre cutan\u00e9<\/li>\n<li data-section-id=\"1cuxxo0\" data-start=\"902\" data-end=\"930\">Pr\u00e9serve du dess\u00e8chement<\/li>\n<li data-section-id=\"ykgp9l\" data-start=\"931\" data-end=\"959\">Convient visage et corps<\/li>\n<li data-section-id=\"1bocssd\" data-start=\"960\" data-end=\"979\">Usage quotidien<\/li>\n<\/ul>\n<p data-start=\"981\" data-end=\"1128\"><strong data-start=\"981\" data-end=\"1009\">Conseils d\u2019utilisation :<\/strong><br data-start=\"1009\" data-end=\"1012\" \/>Appliquer sur peau humide, masser d\u00e9licatement puis rincer abondamment. Utiliser matin et\/ou soir selon les besoins.<\/p>\n","protected":false},"excerpt":{"rendered":"<div class=\"flex flex-col text-sm pb-25\">\n<section class=\"text-token-text-primary w-full focus:outline-none [--shadow-height:45px] has-data-writing-block:pointer-events-none has-data-writing-block:-mt-(--shadow-height) has-data-writing-block:pt-(--shadow-height) [&amp;:has([data-writing-block])&gt;*]:pointer-events-auto scroll-mt-[calc(var(--header-height)+min(200px,max(70px,20svh)))]\" dir=\"auto\" data-turn-id=\"request-WEB:2f328e51-fac9-48ce-84a3-1582d839cac1-15\" data-testid=\"conversation-turn-32\" data-scroll-anchor=\"true\" data-turn=\"assistant\">\n<div class=\"text-base my-auto mx-auto pb-10 [--thread-content-margin:var(--thread-content-margin-xs,calc(var(--spacing)*4))] @w-sm\/main:[--thread-content-margin:var(--thread-content-margin-sm,calc(var(--spacing)*6))] @w-lg\/main:[--thread-content-margin:var(--thread-content-margin-lg,calc(var(--spacing)*16))] px-(--thread-content-margin)\">\n<div class=\"[--thread-content-max-width:40rem] @w-lg\/main:[--thread-content-max-width:48rem] mx-auto max-w-(--thread-content-max-width) flex-1 group\/turn-messages focus-visible:outline-hidden relative flex w-full min-w-0 flex-col agent-turn\">\n<div class=\"flex max-w-full flex-col gap-4 grow\">\n<div class=\"min-h-8 text-message relative flex w-full flex-col items-end gap-2 text-start break-words whitespace-normal outline-none keyboard-focused:focus-ring [.text-message+&amp;]:mt-1\" dir=\"auto\" tabindex=\"0\" data-message-author-role=\"assistant\" data-message-id=\"c4b01de4-25da-4b8e-ad9c-abcaa2a95d21\" data-message-model-slug=\"gpt-5-3-mini\" data-turn-start-message=\"true\">\n<div class=\"flex w-full flex-col gap-1 empty:hidden\">\n<div class=\"markdown prose dark:prose-invert w-full wrap-break-word dark markdown-new-styling\">\n<p data-start=\"1135\" data-end=\"1268\" data-is-last-node=\"\" data-is-only-node=\"\">Cr\u00e8me nettoyante douce pour peaux sensibles. Nettoie, hydrate et respecte l\u2019\u00e9quilibre cutan\u00e9 au quotidien.<\/p>\n<\/div>\n<\/div>\n<\/div>\n<\/div>\n<div class=\"z-0 flex min-h-[46px] justify-start\"><\/div>\n<div class=\"mt-3 w-full empty:hidden\">\n<div class=\"text-center\"><\/div>\n<\/div>\n<\/div>\n<\/div>\n<\/section>\n<\/div>\n<div class=\"pointer-events-none h-px w-px absolute bottom-0\" aria-hidden=\"true\" data-edge=\"true\"><\/div>\n","protected":false},"featured_media":9730,"comment_status":"open","ping_status":"closed","template":"","meta":{"inline_featured_image":false,"_monsterinsights_skip_tracking":false,"_monsterinsights_sitenote_active":false,"_monsterinsights_sitenote_note":"","_monsterinsights_sitenote_category":0},"product_brand":[617],"product_cat":[912],"product_tag":[],"class_list":{"0":"post-9729","1":"product","2":"type-product","3":"status-publish","4":"has-post-thumbnail","6":"product_brand-pentamedical","7":"product_cat-capillaire","9":"first","10":"instock","11":"shipping-taxable","12":"purchasable","13":"product-type-simple"},"aioseo_notices":[],"_links":{"self":[{"href":"https:\/\/paraklik.tn\/index.php?rest_route=\/wp\/v2\/product\/9729","targetHints":{"allow":["GET"]}}],"collection":[{"href":"https:\/\/paraklik.tn\/index.php?rest_route=\/wp\/v2\/product"}],"about":[{"href":"https:\/\/paraklik.tn\/index.php?rest_route=\/wp\/v2\/types\/product"}],"replies":[{"embeddable":true,"href":"https:\/\/paraklik.tn\/index.php?rest_route=%2Fwp%2Fv2%2Fcomments&post=9729"}],"wp:featuredmedia":[{"embeddable":true,"href":"https:\/\/paraklik.tn\/index.php?rest_route=\/wp\/v2\/media\/9730"}],"wp:attachment":[{"href":"https:\/\/paraklik.tn\/index.php?rest_route=%2Fwp%2Fv2%2Fmedia&parent=9729"}],"wp:term":[{"taxonomy":"product_brand","embeddable":true,"href":"https:\/\/paraklik.tn\/index.php?rest_route=%2Fwp%2Fv2%2Fproduct_brand&post=9729"},{"taxonomy":"product_cat","embeddable":true,"href":"https:\/\/paraklik.tn\/index.php?rest_route=%2Fwp%2Fv2%2Fproduct_cat&post=9729"},{"taxonomy":"product_tag","embeddable":true,"href":"https:\/\/paraklik.tn\/index.php?rest_route=%2Fwp%2Fv2%2Fproduct_tag&post=9729"}],"curies":[{"name":"wp","href":"https:\/\/api.w.org\/{rel}","templated":true}]}}