{"id":9717,"date":"2026-04-13T16:04:29","date_gmt":"2026-04-13T15:04:29","guid":{"rendered":"http:\/\/paraklik.tn\/?post_type=product&#038;p=9717"},"modified":"2026-04-13T16:06:02","modified_gmt":"2026-04-13T15:06:02","slug":"skarflex-s-creme-cicatrisante-silicone-30ml","status":"publish","type":"product","link":"https:\/\/paraklik.tn\/?product=skarflex-s-creme-cicatrisante-silicone-30ml","title":{"rendered":"SKARFLEX S Cr\u00e8me Cicatrisante Silicone 30ML"},"content":{"rendered":"<p data-start=\"82\" data-end=\"344\">SKARFLEX S Cr\u00e8me Cicatrisante Silicone est un soin sp\u00e9cialis\u00e9 destin\u00e9 \u00e0 am\u00e9liorer l\u2019aspect des cicatrices r\u00e9centes ou anciennes. Sa formule \u00e0 base de silicone forme un film protecteur sur la peau, favorisant un environnement optimal pour la r\u00e9g\u00e9n\u00e9ration cutan\u00e9e.<\/p>\n<p data-start=\"346\" data-end=\"629\">Gr\u00e2ce \u00e0 son action hydratante et protectrice, elle aide \u00e0 assouplir les cicatrices, r\u00e9duire leur rougeur et am\u00e9liorer progressivement leur texture et leur apparence. Elle contribue \u00e9galement \u00e0 att\u00e9nuer les sensations d\u2019inconfort et de tiraillement au niveau des zones cicatricielles.<\/p>\n<p data-start=\"631\" data-end=\"818\">Facile \u00e0 appliquer, cette cr\u00e8me p\u00e9n\u00e8tre rapidement sans laisser de film gras. Elle convient pour une utilisation quotidienne sur diff\u00e9rentes zones du corps, y compris les zones sensibles.<\/p>\n<p data-start=\"820\" data-end=\"844\"><strong data-start=\"820\" data-end=\"842\">Caract\u00e9ristiques :<\/strong><\/p>\n<ul data-start=\"845\" data-end=\"1026\">\n<li data-section-id=\"1asbzpq\" data-start=\"845\" data-end=\"875\">Formule \u00e0 base de silicone<\/li>\n<li data-section-id=\"1vevbx6\" data-start=\"876\" data-end=\"915\">Am\u00e9liore l\u2019apparence des cicatrices<\/li>\n<li data-section-id=\"2od1r\" data-start=\"916\" data-end=\"946\">Assouplit et lisse la peau<\/li>\n<li data-section-id=\"1hqen9v\" data-start=\"947\" data-end=\"983\">R\u00e9duit rougeurs et tiraillements<\/li>\n<li data-section-id=\"97it2h\" data-start=\"984\" data-end=\"1006\">Texture non grasse<\/li>\n<li data-section-id=\"1bocssd\" data-start=\"1007\" data-end=\"1026\">Usage quotidien<\/li>\n<\/ul>\n<p data-start=\"1028\" data-end=\"1187\"><strong data-start=\"1028\" data-end=\"1056\">Conseils d\u2019utilisation :<\/strong><br data-start=\"1056\" data-end=\"1059\" \/>Appliquer une fine couche sur la cicatrice propre et s\u00e8che, deux fois par jour. Masser d\u00e9licatement jusqu\u2019\u00e0 absorption compl\u00e8te.<\/p>\n","protected":false},"excerpt":{"rendered":"<div class=\"flex flex-col text-sm pb-25\">\n<section class=\"text-token-text-primary w-full focus:outline-none [--shadow-height:45px] has-data-writing-block:pointer-events-none has-data-writing-block:-mt-(--shadow-height) has-data-writing-block:pt-(--shadow-height) [&amp;:has([data-writing-block])&gt;*]:pointer-events-auto scroll-mt-[calc(var(--header-height)+min(200px,max(70px,20svh)))]\" dir=\"auto\" data-turn-id=\"request-WEB:2f328e51-fac9-48ce-84a3-1582d839cac1-10\" data-testid=\"conversation-turn-22\" data-scroll-anchor=\"true\" data-turn=\"assistant\">\n<div class=\"text-base my-auto mx-auto pb-10 [--thread-content-margin:var(--thread-content-margin-xs,calc(var(--spacing)*4))] @w-sm\/main:[--thread-content-margin:var(--thread-content-margin-sm,calc(var(--spacing)*6))] @w-lg\/main:[--thread-content-margin:var(--thread-content-margin-lg,calc(var(--spacing)*16))] px-(--thread-content-margin)\">\n<div class=\"[--thread-content-max-width:40rem] @w-lg\/main:[--thread-content-max-width:48rem] mx-auto max-w-(--thread-content-max-width) flex-1 group\/turn-messages focus-visible:outline-hidden relative flex w-full min-w-0 flex-col agent-turn\">\n<div class=\"flex max-w-full flex-col gap-4 grow\">\n<div class=\"min-h-8 text-message relative flex w-full flex-col items-end gap-2 text-start break-words whitespace-normal outline-none keyboard-focused:focus-ring [.text-message+&amp;]:mt-1\" dir=\"auto\" tabindex=\"0\" data-message-author-role=\"assistant\" data-message-id=\"5d17207b-6ad8-4e5a-8ffa-23b4ec75d51a\" data-message-model-slug=\"gpt-5-3-mini\" data-turn-start-message=\"true\">\n<div class=\"flex w-full flex-col gap-1 empty:hidden\">\n<div class=\"markdown prose dark:prose-invert w-full wrap-break-word dark markdown-new-styling\">\n<p data-start=\"1194\" data-end=\"1313\" data-is-last-node=\"\" data-is-only-node=\"\">Cr\u00e8me cicatrisante au silicone qui am\u00e9liore l\u2019apparence des cicatrices et assouplit la peau.<\/p>\n<\/div>\n<\/div>\n<\/div>\n<\/div>\n<div class=\"z-0 flex min-h-[46px] justify-start\"><\/div>\n<div class=\"mt-3 w-full empty:hidden\">\n<div class=\"text-center\"><\/div>\n<\/div>\n<\/div>\n<\/div>\n<\/section>\n<\/div>\n<div class=\"pointer-events-none h-px w-px absolute bottom-0\" aria-hidden=\"true\" data-edge=\"true\"><\/div>\n","protected":false},"featured_media":9718,"comment_status":"open","ping_status":"closed","template":"","meta":{"inline_featured_image":false,"_monsterinsights_skip_tracking":false,"_monsterinsights_sitenote_active":false,"_monsterinsights_sitenote_note":"","_monsterinsights_sitenote_category":0},"product_brand":[617],"product_cat":[887],"product_tag":[],"class_list":{"0":"post-9717","1":"product","2":"type-product","3":"status-publish","4":"has-post-thumbnail","6":"product_brand-pentamedical","7":"product_cat-corps","9":"first","10":"instock","11":"shipping-taxable","12":"purchasable","13":"product-type-simple"},"aioseo_notices":[],"_links":{"self":[{"href":"https:\/\/paraklik.tn\/index.php?rest_route=\/wp\/v2\/product\/9717","targetHints":{"allow":["GET"]}}],"collection":[{"href":"https:\/\/paraklik.tn\/index.php?rest_route=\/wp\/v2\/product"}],"about":[{"href":"https:\/\/paraklik.tn\/index.php?rest_route=\/wp\/v2\/types\/product"}],"replies":[{"embeddable":true,"href":"https:\/\/paraklik.tn\/index.php?rest_route=%2Fwp%2Fv2%2Fcomments&post=9717"}],"wp:featuredmedia":[{"embeddable":true,"href":"https:\/\/paraklik.tn\/index.php?rest_route=\/wp\/v2\/media\/9718"}],"wp:attachment":[{"href":"https:\/\/paraklik.tn\/index.php?rest_route=%2Fwp%2Fv2%2Fmedia&parent=9717"}],"wp:term":[{"taxonomy":"product_brand","embeddable":true,"href":"https:\/\/paraklik.tn\/index.php?rest_route=%2Fwp%2Fv2%2Fproduct_brand&post=9717"},{"taxonomy":"product_cat","embeddable":true,"href":"https:\/\/paraklik.tn\/index.php?rest_route=%2Fwp%2Fv2%2Fproduct_cat&post=9717"},{"taxonomy":"product_tag","embeddable":true,"href":"https:\/\/paraklik.tn\/index.php?rest_route=%2Fwp%2Fv2%2Fproduct_tag&post=9717"}],"curies":[{"name":"wp","href":"https:\/\/api.w.org\/{rel}","templated":true}]}}