{"id":9710,"date":"2026-04-13T15:46:44","date_gmt":"2026-04-13T14:46:44","guid":{"rendered":"http:\/\/paraklik.tn\/?post_type=product&#038;p=9710"},"modified":"2026-04-13T15:46:44","modified_gmt":"2026-04-13T14:46:44","slug":"excipial-protect-creme-mains-50ml","status":"publish","type":"product","link":"https:\/\/paraklik.tn\/?product=excipial-protect-creme-mains-50ml","title":{"rendered":"EXCIPIAL Protect Cr\u00e8me Mains 50ml"},"content":{"rendered":"<p data-start=\"72\" data-end=\"362\">EXCIPIAL Protect Cr\u00e8me Mains est un soin protecteur sp\u00e9cialement formul\u00e9 pour pr\u00e9server les mains des agressions ext\u00e9rieures telles que le froid, le vent ou les lavages fr\u00e9quents. Sa texture l\u00e9g\u00e8re forme un film protecteur invisible qui aide \u00e0 renforcer la barri\u00e8re cutan\u00e9e sans effet gras.<\/p>\n<p data-start=\"364\" data-end=\"576\">Gr\u00e2ce \u00e0 ses agents hydratants et protecteurs, elle maintient l\u2019hydratation naturelle de la peau tout en pr\u00e9venant le dess\u00e8chement. Elle laisse les mains douces, souples et confortables tout au long de la journ\u00e9e.<\/p>\n<p data-start=\"578\" data-end=\"795\">Adapt\u00e9e \u00e0 une utilisation quotidienne, cette cr\u00e8me p\u00e9n\u00e8tre rapidement et permet de reprendre ses activit\u00e9s imm\u00e9diatement. Id\u00e9ale pour les mains expos\u00e9es et fragilis\u00e9es, elle offre une protection efficace au quotidien.<\/p>\n<p data-start=\"797\" data-end=\"821\"><strong data-start=\"797\" data-end=\"819\">Caract\u00e9ristiques :<\/strong><\/p>\n<ul data-start=\"822\" data-end=\"1022\">\n<li data-section-id=\"wn7kf4\" data-start=\"822\" data-end=\"856\">Soin protecteur pour les mains<\/li>\n<li data-section-id=\"1ywhs79\" data-start=\"857\" data-end=\"902\">Prot\u00e8ge contre les agressions ext\u00e9rieures<\/li>\n<li data-section-id=\"prksn0\" data-start=\"903\" data-end=\"930\">Hydratation quotidienne<\/li>\n<li data-section-id=\"1ycrcrc\" data-start=\"931\" data-end=\"961\">Texture l\u00e9g\u00e8re, non grasse<\/li>\n<li data-section-id=\"k6u00y\" data-start=\"962\" data-end=\"983\">Absorption rapide<\/li>\n<li data-section-id=\"160vb1q\" data-start=\"984\" data-end=\"1022\">Forme un film protecteur invisible<\/li>\n<\/ul>\n<p data-start=\"1024\" data-end=\"1181\"><strong data-start=\"1024\" data-end=\"1052\">Conseils d\u2019utilisation :<\/strong><br data-start=\"1052\" data-end=\"1055\" \/>Appliquer sur les mains propres et s\u00e8ches aussi souvent que n\u00e9cessaire, notamment avant exposition aux agressions ext\u00e9rieures.<\/p>\n","protected":false},"excerpt":{"rendered":"<div class=\"flex flex-col text-sm\">\n<section class=\"text-token-text-primary w-full focus:outline-none [--shadow-height:45px] has-data-writing-block:pointer-events-none has-data-writing-block:-mt-(--shadow-height) has-data-writing-block:pt-(--shadow-height) [&amp;:has([data-writing-block])&gt;*]:pointer-events-auto scroll-mt-[calc(var(--header-height)+min(200px,max(70px,20svh)))]\" dir=\"auto\" data-turn-id=\"request-WEB:2f328e51-fac9-48ce-84a3-1582d839cac1-7\" data-testid=\"conversation-turn-16\" data-scroll-anchor=\"true\" data-turn=\"assistant\">\n<div class=\"text-base my-auto mx-auto pb-10 [--thread-content-margin:var(--thread-content-margin-xs,calc(var(--spacing)*4))] @w-sm\/main:[--thread-content-margin:var(--thread-content-margin-sm,calc(var(--spacing)*6))] @w-lg\/main:[--thread-content-margin:var(--thread-content-margin-lg,calc(var(--spacing)*16))] px-(--thread-content-margin)\">\n<div class=\"[--thread-content-max-width:40rem] @w-lg\/main:[--thread-content-max-width:48rem] mx-auto max-w-(--thread-content-max-width) flex-1 group\/turn-messages focus-visible:outline-hidden relative flex w-full min-w-0 flex-col agent-turn\">\n<div class=\"flex max-w-full flex-col gap-4 grow\">\n<div class=\"min-h-8 text-message relative flex w-full flex-col items-end gap-2 text-start break-words whitespace-normal outline-none keyboard-focused:focus-ring [.text-message+&amp;]:mt-1\" dir=\"auto\" tabindex=\"0\" data-message-author-role=\"assistant\" data-message-id=\"42758919-7a2a-4cbc-a197-309500843bf0\" data-message-model-slug=\"gpt-5-3\" data-turn-start-message=\"true\">\n<div class=\"flex w-full flex-col gap-1 empty:hidden\">\n<div class=\"markdown prose dark:prose-invert w-full wrap-break-word dark markdown-new-styling\">\n<p data-start=\"1188\" data-end=\"1338\" data-is-last-node=\"\" data-is-only-node=\"\">Cr\u00e8me mains protectrice qui hydrate et prot\u00e8ge des agressions ext\u00e9rieures. Texture l\u00e9g\u00e8re, non grasse et absorption rapide.<\/p>\n<\/div>\n<\/div>\n<\/div>\n<\/div>\n<div class=\"z-0 flex min-h-[46px] justify-start\"><\/div>\n<div class=\"mt-3 w-full empty:hidden\">\n<div class=\"text-center\"><\/div>\n<\/div>\n<\/div>\n<\/div>\n<\/section>\n<\/div>\n<div class=\"pointer-events-none h-px w-px absolute bottom-0\" aria-hidden=\"true\" data-edge=\"true\"><\/div>\n","protected":false},"featured_media":9711,"comment_status":"open","ping_status":"closed","template":"","meta":{"inline_featured_image":false,"_monsterinsights_skip_tracking":false,"_monsterinsights_sitenote_active":false,"_monsterinsights_sitenote_note":"","_monsterinsights_sitenote_category":0},"product_brand":[396],"product_cat":[887],"product_tag":[],"class_list":{"0":"post-9710","1":"product","2":"type-product","3":"status-publish","4":"has-post-thumbnail","6":"product_brand-excipial","7":"product_cat-corps","9":"first","10":"instock","11":"shipping-taxable","12":"purchasable","13":"product-type-simple"},"aioseo_notices":[],"_links":{"self":[{"href":"https:\/\/paraklik.tn\/index.php?rest_route=\/wp\/v2\/product\/9710","targetHints":{"allow":["GET"]}}],"collection":[{"href":"https:\/\/paraklik.tn\/index.php?rest_route=\/wp\/v2\/product"}],"about":[{"href":"https:\/\/paraklik.tn\/index.php?rest_route=\/wp\/v2\/types\/product"}],"replies":[{"embeddable":true,"href":"https:\/\/paraklik.tn\/index.php?rest_route=%2Fwp%2Fv2%2Fcomments&post=9710"}],"wp:featuredmedia":[{"embeddable":true,"href":"https:\/\/paraklik.tn\/index.php?rest_route=\/wp\/v2\/media\/9711"}],"wp:attachment":[{"href":"https:\/\/paraklik.tn\/index.php?rest_route=%2Fwp%2Fv2%2Fmedia&parent=9710"}],"wp:term":[{"taxonomy":"product_brand","embeddable":true,"href":"https:\/\/paraklik.tn\/index.php?rest_route=%2Fwp%2Fv2%2Fproduct_brand&post=9710"},{"taxonomy":"product_cat","embeddable":true,"href":"https:\/\/paraklik.tn\/index.php?rest_route=%2Fwp%2Fv2%2Fproduct_cat&post=9710"},{"taxonomy":"product_tag","embeddable":true,"href":"https:\/\/paraklik.tn\/index.php?rest_route=%2Fwp%2Fv2%2Fproduct_tag&post=9710"}],"curies":[{"name":"wp","href":"https:\/\/api.w.org\/{rel}","templated":true}]}}